{"id":107,"date":"2024-03-04T12:43:45","date_gmt":"2024-03-04T11:43:45","guid":{"rendered":"https:\/\/kadraszczyglowice.pl\/?page_id=107"},"modified":"2024-03-04T12:43:46","modified_gmt":"2024-03-04T11:43:46","slug":"sniezka-adraspach-sky-bridge","status":"publish","type":"page","link":"https:\/\/kadraszczyglowice.pl\/?page_id=107","title":{"rendered":"\u015anie\u017cka, Adra\u015bpach, Sky Bridge"},"content":{"rendered":"\n<p><strong>ZZ Kadra zaprasza swoich cz<\/strong><strong>\u0142<\/strong><strong>onk\u00f3w wraz z&nbsp;osobami towarzysz\u0105cymi na wycieczk\u0119 na \u015anie\u017cnik, Adra\u015bpach oraz Sky Bridge w dniach: 07-09.06.2024r.<\/strong><strong><\/strong><\/p>\n\n\n\n<figure class=\"wp-block-image size-full is-resized\"><img loading=\"lazy\" decoding=\"async\" width=\"375\" height=\"313\" src=\"https:\/\/kadraszczyglowice.pl\/wp-content\/uploads\/2024\/03\/image-1.png\" alt=\"\" class=\"wp-image-108\" style=\"width:491px;height:auto\" srcset=\"https:\/\/kadraszczyglowice.pl\/wp-content\/uploads\/2024\/03\/image-1.png 375w, https:\/\/kadraszczyglowice.pl\/wp-content\/uploads\/2024\/03\/image-1-300x250.png 300w\" sizes=\"auto, (max-width: 375px) 100vw, 375px\" \/><\/figure>\n\n\n\n<p>Program:<br><strong>07.06.2024r.<br><\/strong>Wyjazd z parkingu przy MOSiR Szczyg\u0142owice 07.00, UM Knur\u00f3w 06.15 Szczyg\u0142owice i\u00a006.30 UM Knur\u00f3w<br>Przejazd do miejscowo\u015bci Adr\u015bpach<br>Zwiedzanie Adr\u015bpaskich Ska\u0142 11.00-15.00<br>Czas na posi\u0142ek w w\u0142asnym zakresie<br>Przejazd do Dusznik<br>Zakwaterowanie w Villa Fortuna w Dusznikach<br>Obiadokolacja w restauracji \u201ePod D\u0119bem\u201d<br><strong>08.06.2024r.<\/strong> <strong><br><\/strong>\u015aniadanie 08.00-09.00<br>Wyjazd do miejscowo\u015bci Pec w Czechach<br>Przejazd kolejk\u0105 gondolow\u0105 na \u015anie\u017ck\u0119 11.00 <strong><br><\/strong>Przej\u015bcie szlakiem do Dzikiego Wodospadu 11.30-16.00<br>Obiad w schronisku\u201d Dom \u015al\u0105ski\u201d 13.00<br>Ognisko z pieczeniem kie\u0142basek i zapiekank\u0105 \u00a019.00 \u2013 22.00<\/p>\n\n\n\n<figure class=\"wp-block-image size-full is-resized\"><img loading=\"lazy\" decoding=\"async\" width=\"237\" height=\"220\" src=\"https:\/\/kadraszczyglowice.pl\/wp-content\/uploads\/2024\/03\/image-3.png\" alt=\"\" class=\"wp-image-110\" style=\"width:487px;height:auto\"\/><\/figure>\n\n\n\n<p>\u00a0\u00a0 <strong>09.06.2024r.<\/strong><br>\u015aniadanie 08.00-09.00<br>Wykwaterowanie 09.00<br>Przejazd na Dolne Morawy<br>Przejazd kolejk\u0105 linow\u0105 ( g\u00f3ra \/d\u00f3\u0142) oraz<br>zwiedzanie Sky Bridge 11.00-14.00<br>Dwudaniowy obiad przy dolnej stacji kolejki linowej<br>Wyjazd w drog\u0119 powrotn\u0105 15.00<br>Planowany powr\u00f3t oko\u0142o 20.00<\/p>\n\n\n\n<figure class=\"wp-block-image size-full is-resized\"><img loading=\"lazy\" decoding=\"async\" width=\"277\" height=\"244\" src=\"https:\/\/kadraszczyglowice.pl\/wp-content\/uploads\/2024\/03\/image-2.png\" alt=\"\" class=\"wp-image-109\" style=\"width:443px;height:auto\"\/><\/figure>\n\n\n\n<p><strong>Cena wycieczki z wszystkimi atrakcjami, ubezpieczeniem i op\u0142atami, UFG to<br>&nbsp;710 z\u0142 (pe\u0142ny koszt 1100z\u0142),&nbsp; dzieci do 13 roku \u017cycia 660 z\u0142 (pe\u0142ny koszt 1050z\u0142), &nbsp;&nbsp;&nbsp;&nbsp;&nbsp;&nbsp;&nbsp;2-3 latka bez \u015bwiadcze\u0144 210 z\u0142 ( pe\u0142ny koszt 600z\u0142.)<\/strong><\/p>\n\n\n\n<p><strong>Cena skalkulowana dla grupy minimum 40 uczestnik\u00f3w. W cenie wszystkie wymienione atrakcje (w cenie koszt bilet\u00f3w 350 z\u0142). Osoby nie chc\u0105ce zej\u015b\u0107 szlakiem do Dzikiego wodospadu mog\u0105 po obiedzie zej\u015b\u0107 do Kopy i zjecha\u0107 kolejk\u0105 linow\u0105 na w\u0142asny koszt. <\/strong><strong>Zapisy w biurze ZZ \u201eKADRA\u201d, telefonicznie pod nr 3347 lub 668421965 do 29 lutego 2024r. Wp\u0142ata w kwocie 350,00 z\u0142\/osob\u0119 po potwierdzeniu grupy na konto nr: 46 1240 4302 1111 0011 0185 1285 z&nbsp;dopiskiem \u015anie\u017cka &nbsp;do 10 marca&nbsp; 2024r.<br><br><\/strong><\/p>\n","protected":false},"excerpt":{"rendered":"<p>ZZ Kadra zaprasza swoich cz\u0142onk\u00f3w wraz z&nbsp;osobami towarzysz\u0105cymi na wycieczk\u0119 na \u015anie\u017cnik, Adra\u015bpach oraz Sky Bridge w dniach: 07-09.06.2024r. Program:07.06.2024r.Wyjazd z parkingu przy MOSiR Szczyg\u0142owice 07.00, UM Knur\u00f3w 06.15 Szczyg\u0142owice i\u00a006.30 UM Knur\u00f3wPrzejazd do miejscowo\u015bci Adr\u015bpachZwiedzanie Adr\u015bpaskich Ska\u0142 11.00-15.00Czas na posi\u0142ek w w\u0142asnym zakresiePrzejazd do DusznikZakwaterowanie w Villa Fortuna w [&hellip;]<\/p>\n","protected":false},"author":1,"featured_media":0,"parent":0,"menu_order":0,"comment_status":"closed","ping_status":"closed","template":"","meta":{"footnotes":""},"class_list":["post-107","page","type-page","status-publish","hentry"],"_links":{"self":[{"href":"https:\/\/kadraszczyglowice.pl\/index.php?rest_route=\/wp\/v2\/pages\/107","targetHints":{"allow":["GET"]}}],"collection":[{"href":"https:\/\/kadraszczyglowice.pl\/index.php?rest_route=\/wp\/v2\/pages"}],"about":[{"href":"https:\/\/kadraszczyglowice.pl\/index.php?rest_route=\/wp\/v2\/types\/page"}],"author":[{"embeddable":true,"href":"https:\/\/kadraszczyglowice.pl\/index.php?rest_route=\/wp\/v2\/users\/1"}],"replies":[{"embeddable":true,"href":"https:\/\/kadraszczyglowice.pl\/index.php?rest_route=%2Fwp%2Fv2%2Fcomments&post=107"}],"version-history":[{"count":1,"href":"https:\/\/kadraszczyglowice.pl\/index.php?rest_route=\/wp\/v2\/pages\/107\/revisions"}],"predecessor-version":[{"id":111,"href":"https:\/\/kadraszczyglowice.pl\/index.php?rest_route=\/wp\/v2\/pages\/107\/revisions\/111"}],"wp:attachment":[{"href":"https:\/\/kadraszczyglowice.pl\/index.php?rest_route=%2Fwp%2Fv2%2Fmedia&parent=107"}],"curies":[{"name":"wp","href":"https:\/\/api.w.org\/{rel}","templated":true}]}}