{"id":119,"date":"2024-03-04T13:25:41","date_gmt":"2024-03-04T12:25:41","guid":{"rendered":"https:\/\/kadraszczyglowice.pl\/?page_id=119"},"modified":"2024-03-04T13:25:41","modified_gmt":"2024-03-04T12:25:41","slug":"sklad-komisji-wyborczej-wyboru-delegatow","status":"publish","type":"page","link":"https:\/\/kadraszczyglowice.pl\/?page_id=119","title":{"rendered":"Sk\u0142ad Komisji Wyborczej wyboru delegat\u00f3w."},"content":{"rendered":"\n<p>Knur\u00f3w dnia 09.10.2023<\/p>\n\n\n\n<p>Na podstawie\u00a0 Uchwa\u0142y Zarz\u0105du ZZ Kadra JSW S.A. Kopalni \u201eKnur\u00f3w-Szczyg\u0142owice\u201d nr 15 z dnia 09.10.2023r. zosta\u0142a powo\u0142ana Komisja Wyborcza w\u00a0sk\u0142adzie:<\/p>\n\n\n\n<p>Przewodnicz\u0105cy &nbsp;&nbsp;&nbsp;&nbsp;&nbsp;&nbsp;&nbsp;&nbsp;&nbsp;&nbsp; &#8211; Grzegorz Pakul<\/p>\n\n\n\n<p>Z-ca Przewodnicz\u0105cego &#8211; Lucyna Wodziczko<\/p>\n\n\n\n<p>Sekretarz &nbsp;&nbsp;&nbsp;&nbsp;&nbsp;&nbsp;&nbsp;&nbsp;&nbsp;&nbsp;&nbsp;&nbsp;&nbsp;&nbsp;&nbsp;&nbsp;&nbsp;&nbsp;&nbsp;&nbsp; &#8211; Krystyna Drubek<\/p>\n\n\n\n<p>Cz\u0142onkowie komisji &nbsp;&nbsp;&nbsp;&nbsp; &#8211; Damian Brejza<\/p>\n\n\n\n<p>&#8211; Joanna Cie\u015blik<\/p>\n\n\n\n<p>&#8211; Zbigniew Cie\u015blik<\/p>\n\n\n\n<p>&#8211; Izabela Gorzycka<\/p>\n\n\n\n<p>&#8211; Janusz Grodo\u0144<\/p>\n\n\n\n<p>&#8211; Mariusz Jurczak<\/p>\n\n\n\n<p>&#8211; Iwona Kawczy\u0144ska<\/p>\n\n\n\n<p>&#8211; Sebastian Ostrowski<\/p>\n\n\n\n<p>&#8211; Bart\u0142omiej Prze\u0142o\u017cny<\/p>\n\n\n\n<p>&#8211; Zbigniew Stach<\/p>\n\n\n\n<p>&#8211; Ireneusz Szewczyk<\/p>\n\n\n\n<p>&#8211; Marek W\u0105cirz<\/p>\n","protected":false},"excerpt":{"rendered":"<p>Knur\u00f3w dnia 09.10.2023 Na podstawie\u00a0 Uchwa\u0142y Zarz\u0105du ZZ Kadra JSW S.A. Kopalni \u201eKnur\u00f3w-Szczyg\u0142owice\u201d nr 15 z dnia 09.10.2023r. zosta\u0142a powo\u0142ana Komisja Wyborcza w\u00a0sk\u0142adzie: Przewodnicz\u0105cy &nbsp;&nbsp;&nbsp;&nbsp;&nbsp;&nbsp;&nbsp;&nbsp;&nbsp;&nbsp; &#8211; Grzegorz Pakul Z-ca Przewodnicz\u0105cego &#8211; Lucyna Wodziczko Sekretarz &nbsp;&nbsp;&nbsp;&nbsp;&nbsp;&nbsp;&nbsp;&nbsp;&nbsp;&nbsp;&nbsp;&nbsp;&nbsp;&nbsp;&nbsp;&nbsp;&nbsp;&nbsp;&nbsp;&nbsp; &#8211; Krystyna Drubek Cz\u0142onkowie komisji &nbsp;&nbsp;&nbsp;&nbsp; &#8211; Damian Brejza &#8211; Joanna Cie\u015blik &#8211; Zbigniew Cie\u015blik [&hellip;]<\/p>\n","protected":false},"author":1,"featured_media":0,"parent":0,"menu_order":0,"comment_status":"closed","ping_status":"closed","template":"","meta":{"footnotes":""},"class_list":["post-119","page","type-page","status-publish","hentry"],"_links":{"self":[{"href":"https:\/\/kadraszczyglowice.pl\/index.php?rest_route=\/wp\/v2\/pages\/119","targetHints":{"allow":["GET"]}}],"collection":[{"href":"https:\/\/kadraszczyglowice.pl\/index.php?rest_route=\/wp\/v2\/pages"}],"about":[{"href":"https:\/\/kadraszczyglowice.pl\/index.php?rest_route=\/wp\/v2\/types\/page"}],"author":[{"embeddable":true,"href":"https:\/\/kadraszczyglowice.pl\/index.php?rest_route=\/wp\/v2\/users\/1"}],"replies":[{"embeddable":true,"href":"https:\/\/kadraszczyglowice.pl\/index.php?rest_route=%2Fwp%2Fv2%2Fcomments&post=119"}],"version-history":[{"count":1,"href":"https:\/\/kadraszczyglowice.pl\/index.php?rest_route=\/wp\/v2\/pages\/119\/revisions"}],"predecessor-version":[{"id":120,"href":"https:\/\/kadraszczyglowice.pl\/index.php?rest_route=\/wp\/v2\/pages\/119\/revisions\/120"}],"wp:attachment":[{"href":"https:\/\/kadraszczyglowice.pl\/index.php?rest_route=%2Fwp%2Fv2%2Fmedia&parent=119"}],"curies":[{"name":"wp","href":"https:\/\/api.w.org\/{rel}","templated":true}]}}