{"id":278,"date":"2024-07-11T14:19:51","date_gmt":"2024-07-11T12:19:51","guid":{"rendered":"https:\/\/kadraszczyglowice.pl\/?page_id=278"},"modified":"2024-07-11T14:19:51","modified_gmt":"2024-07-11T12:19:51","slug":"hotel-alpechiara-la-thiule-courmayer","status":"publish","type":"page","link":"https:\/\/kadraszczyglowice.pl\/?page_id=278","title":{"rendered":"HOTEL ALPECHIARA LA THIULE COURMAYER"},"content":{"rendered":"\n<p>Ofert z aktualn\u0105 cen\u0105 skipas\u00f3w: <\/p>\n\n\n\n<div data-wp-interactive=\"core\/file\" class=\"wp-block-file\"><object data-wp-bind--hidden=\"!state.hasPdfPreview\" hidden class=\"wp-block-file__embed\" data=\"https:\/\/kadraszczyglowice.pl\/wp-content\/uploads\/2024\/07\/HOTEL-ALPECHIARA-LA-THIULE-COURMAYER-zaktualizowane.pdf\" type=\"application\/pdf\" style=\"width:100%;height:600px\" aria-label=\"Osadzone z HOTEL ALPECHIARA LA THIULE COURMAYER zaktualizowane.\"><\/object><a id=\"wp-block-file--media-0acfd32d-eb61-4ed8-b0a2-37d57066de8f\" href=\"https:\/\/kadraszczyglowice.pl\/wp-content\/uploads\/2024\/07\/HOTEL-ALPECHIARA-LA-THIULE-COURMAYER-zaktualizowane.pdf\">HOTEL ALPECHIARA LA THIULE COURMAYER zaktualizowane<\/a><a href=\"https:\/\/kadraszczyglowice.pl\/wp-content\/uploads\/2024\/07\/HOTEL-ALPECHIARA-LA-THIULE-COURMAYER-zaktualizowane.pdf\" class=\"wp-block-file__button wp-element-button\" download aria-describedby=\"wp-block-file--media-0acfd32d-eb61-4ed8-b0a2-37d57066de8f\">Pobierz<\/a><\/div>\n","protected":false},"excerpt":{"rendered":"<p>Ofert z aktualn\u0105 cen\u0105 skipas\u00f3w:<\/p>\n","protected":false},"author":1,"featured_media":0,"parent":0,"menu_order":0,"comment_status":"closed","ping_status":"closed","template":"","meta":{"footnotes":""},"class_list":["post-278","page","type-page","status-publish","hentry"],"_links":{"self":[{"href":"https:\/\/kadraszczyglowice.pl\/index.php?rest_route=\/wp\/v2\/pages\/278","targetHints":{"allow":["GET"]}}],"collection":[{"href":"https:\/\/kadraszczyglowice.pl\/index.php?rest_route=\/wp\/v2\/pages"}],"about":[{"href":"https:\/\/kadraszczyglowice.pl\/index.php?rest_route=\/wp\/v2\/types\/page"}],"author":[{"embeddable":true,"href":"https:\/\/kadraszczyglowice.pl\/index.php?rest_route=\/wp\/v2\/users\/1"}],"replies":[{"embeddable":true,"href":"https:\/\/kadraszczyglowice.pl\/index.php?rest_route=%2Fwp%2Fv2%2Fcomments&post=278"}],"version-history":[{"count":1,"href":"https:\/\/kadraszczyglowice.pl\/index.php?rest_route=\/wp\/v2\/pages\/278\/revisions"}],"predecessor-version":[{"id":280,"href":"https:\/\/kadraszczyglowice.pl\/index.php?rest_route=\/wp\/v2\/pages\/278\/revisions\/280"}],"wp:attachment":[{"href":"https:\/\/kadraszczyglowice.pl\/index.php?rest_route=%2Fwp%2Fv2%2Fmedia&parent=278"}],"curies":[{"name":"wp","href":"https:\/\/api.w.org\/{rel}","templated":true}]}}