{"id":84,"date":"2024-02-09T20:13:05","date_gmt":"2024-02-09T19:13:05","guid":{"rendered":"https:\/\/kadraszczyglowice.pl\/?page_id=84"},"modified":"2024-02-09T20:13:08","modified_gmt":"2024-02-09T19:13:08","slug":"ordynacja","status":"publish","type":"page","link":"https:\/\/kadraszczyglowice.pl\/?page_id=84","title":{"rendered":"Ordynacja"},"content":{"rendered":"\n<p><strong>ORDYNACJA WYBORCZA<\/strong><\/p>\n\n\n\n<p><strong>Zwi\u0105zku Zawodowego \u201eKADRA\u201d<\/strong><\/p>\n\n\n\n<p>JSW&nbsp; S. A. KWK \u201eKnur\u00f3w &#8211; Szczyg\u0142owice\u201d<\/p>\n\n\n\n<p>\u00a7 1.<\/p>\n\n\n\n<p>&nbsp;Ordynacja wyborcza opracowana jest na podstawie Statutu Zwi\u0105zku Zawodowego \u201eKADRA\u201d &nbsp; JSW S.A. KWK \u201eKnur\u00f3w- Szczyg\u0142owice\u201d.<\/p>\n\n\n\n<p>\u00a7 2.<\/p>\n\n\n\n<p>Ordynacja okre\u015bla tryb i zasady wyboru:<br>a) Delegat\u00f3w na Walne Zebranie<br>b) Przewodnicz\u0105cego Zwi\u0105zku,<br>c) Zarz\u0105du Zwi\u0105zku,<br>d) Komisji Rewizyjnej,<\/p>\n\n\n\n<p>\u00a7 3.<\/p>\n\n\n\n<p>Czynne prawo wyborcze posiadaj\u0105 wszyscy cz\u0142onkowie Zwi\u0105zku Zawodowego \u201eKADRA\u201d&nbsp; &nbsp; &nbsp; JSW S. A. KWK \u201eKnur\u00f3w &#8211; Szczyg\u0142owice\u201d.&nbsp;<\/p>\n\n\n\n<p>&nbsp;\u00a7 4.<\/p>\n\n\n\n<p>Bierne prawo wyborcze posiadaj\u0105 cz\u0142onkowie Zwi\u0105zku Zawodowego \u201eKADRA\u201d JSW&nbsp; S. A. &nbsp; KWK \u201eKnur\u00f3w &#8211; Szczyg\u0142owice\u201d o sta\u017cu zwi\u0105zkowym nie mniejszym ni\u017c dwa lata w tym zwi\u0105zku. Do Organ\u00f3w i w\u0142adz Zwi\u0105zku nie mog\u0105 by\u0107 wybrani cz\u0142onkowie Komisji Mandatowo-Skrutacyjnej.<\/p>\n\n\n\n<p>&nbsp;\u00a7 5.<\/p>\n\n\n\n<p>&nbsp;Wybory przeprowadza si\u0119 w nast\u0119puj\u0105cej kolejno\u015bci:<\/p>\n\n\n\n<p><strong>Etap I \u2013 wyb\u00f3r delegat\u00f3w<\/strong><\/p>\n\n\n\n<p>&#8211; Wybory Delegat\u00f3w na Walne Zebranie Delegat\u00f3w w Okr\u0119gach Wyborczych.<\/p>\n\n\n\n<p><strong>Etap II &#8211; wyb\u00f3r organ\u00f3w zwi\u0105zku przez Walne Zebranie Delegat\u00f3w&nbsp;<\/strong><\/p>\n\n\n\n<p>&nbsp;&#8211; Wybory Przewodnicz\u0105cego Zwi\u0105zku, Zarz\u0105du Zwi\u0105zku, Komisji Rewizyjnej.&nbsp;<\/p>\n\n\n\n<p>&nbsp;\u00a7 6.<\/p>\n\n\n\n<p>Wybory Delegat\u00f3w na Walne Zebranie Delegat\u00f3w odbywaj\u0105 si\u0119 na podstawie \u201eRegulaminu wyboru Delegat\u00f3w &nbsp;ZZ \u201eKADRA\u201d JSW S.A. KWK \u201eKnur\u00f3w-Szczyg\u0142owice\u201d\u201d stanowi\u0105cym za\u0142\u0105cznik nr 1. do niniejszej Ordynacji Wyborczej.<\/p>\n\n\n\n<p>\u00a7 7.&nbsp;<\/p>\n\n\n\n<p>Zarz\u0105d Zwi\u0105zku Uchwa\u0142\u0105 powo\u0142uje Komisj\u0119 Wyborcz\u0105. Uchwa\u0142a o powo\u0142aniu Komisji Wyborczej winna by\u0107 podj\u0119ta na miesi\u0105c przed up\u0142ywem kadencji w\u0142adz Zwi\u0105zku.<\/p>\n\n\n\n<p>\u00a7 8.&nbsp;<\/p>\n\n\n\n<p>Wybory Delegat\u00f3w na Walne Zebranie przeprowadza si\u0119 w Okr\u0119gach Wyborczych wed\u0142ug zasady \u2013 jeden Delegat na o\u015bmiu cz\u0142onk\u00f3w. Liczb\u0119 cz\u0142onk\u00f3w Zwi\u0105zku Zawodowego w&nbsp;okr\u0119gu wyborczym dzielimy przez osiem, a wynik dzielenia zaokr\u0105glamy do liczby ca\u0142kowitej zgodnie z&nbsp;matematycznymi regu\u0142ami zaokr\u0105glania.&nbsp;&nbsp;<\/p>\n\n\n\n<p>\u00a7 9.<\/p>\n\n\n\n<p>Ostateczn\u0105 ilo\u015b\u0107 mandat\u00f3w w okr\u0119gach wyborczych ustala Zarz\u0105d uwzgl\u0119dniaj\u0105c zapis \u00a7 8 Ordynacji. Uchwa\u0142\u0119 t\u0119, Zarz\u0105d podejmuje nie p\u00f3\u017aniej, ni\u017c miesi\u0105c przed up\u0142ywem kadencji w\u0142adz Zwi\u0105zku.&nbsp;<\/p>\n\n\n\n<p>\u00a7 10.<\/p>\n\n\n\n<ol class=\"wp-block-list\">\n<li>Kandydat na Delegata Zwi\u0105zku musi uzyska\u0107 poparcie minimum 15 cz\u0142onk\u00f3w Zwi\u0105zku Zawodowego \u201eKadra\u201d na podstawie listy poparcia. Wz\u00f3r listy (za\u0142\u0105cznik nr 2 do niniejszej Ordynacji Wyborczej.).<\/li>\n\n\n\n<li>Kandydat na Delegata musi wyrazi\u0107 pisemn\u0105 zgod\u0119 na kandydowanie w wyborach na Delegata. Wz\u00f3r pisemnej zgody (za\u0142\u0105cznik nr 3 do niniejszej Ordynacji Wyborczej.)<\/li>\n\n\n\n<li>Druki list poparcia b\u0119d\u0105 wydawane przez Komisj\u0119 Wyborcz\u0105.&nbsp;<\/li>\n<\/ol>\n\n\n\n<p>\u00a7 11.<\/p>\n\n\n\n<p>Wybory Delegat\u00f3w w Okr\u0119gach Wyborczych s\u0105 tajne.<\/p>\n\n\n\n<p>&nbsp;\u00a7 12.&nbsp;<\/p>\n\n\n\n<p>Wybory Przewodnicz\u0105cego Zwi\u0105zku, Zarz\u0105du Zwi\u0105zku, Komisji Rewizyjnej dokonuj\u0105 Delegaci na Walnym Zebraniu Delegat\u00f3w w g\u0142osowaniu tajnym w obecno\u015bci co najmniej <strong>50% + 1<\/strong> uprawnionych do g\u0142osowania.<\/p>\n\n\n\n<p>&nbsp;\u00a7 13.<\/p>\n\n\n\n<p>Przewodnicz\u0105cy Zwi\u0105zku wybierany jest z grona Delegat\u00f3w w I turze bezwzgl\u0119dn\u0105 wi\u0119kszo\u015bci\u0105 g\u0142os\u00f3w. W&nbsp;przypadku braku rozstrzygni\u0119cia w pierwszej turze, do drugiej tury przechodz\u0105 dwaj kandydaci z najwi\u0119ksz\u0105 liczb\u0105 g\u0142os\u00f3w uzyskanych w pierwszej turze. W II turze Przewodnicz\u0105cy Zwi\u0105zku jest wybierany zwyk\u0142\u0105 wi\u0119kszo\u015bci\u0105 g\u0142os\u00f3w.&nbsp;<\/p>\n\n\n\n<p>\u00a7 14.<\/p>\n\n\n\n<p>Ilo\u015b\u0107 cz\u0142onk\u00f3w Zarz\u0105du ZZ \u201eKADRA\u201d JSW S.A. KWK \u201eKnur\u00f3w-Szczyg\u0142owice\u201d oraz Komisji Rewizyjnej ustalaj\u0105 Delegaci na Walnym Zebraniu Delegat\u00f3w.<\/p>\n\n\n\n<p>\u00a7 15.&nbsp;<\/p>\n\n\n\n<p>Wybory cz\u0142onk\u00f3w Zarz\u0105du oraz Komisji Rewizyjnej dokonuje si\u0119 zwyk\u0142\u0105 wi\u0119kszo\u015bci\u0105 g\u0142os\u00f3w. W przypadku r\u00f3wnej ilo\u015bci g\u0142os\u00f3w przypadaj\u0105cych na dw\u00f3ch lub wi\u0119cej kandydat\u00f3w do ostatniego mandatu, nale\u017cy przeprowadzi\u0107 dodatkowe g\u0142osowanie ze wskazaniem na tylko jednego kandydata. Cz\u0142onkiem Zarz\u0105du lub Komisji Rewizyjnej zostaje kandydat kt\u00f3ry uzyska\u0142 najwi\u0119ksz\u0105 ilo\u015b\u0107 g\u0142os\u00f3w.<\/p>\n\n\n\n<p>\u00a7 16.<\/p>\n\n\n\n<p>Na pierwszym posiedzeniu Zarz\u0105du po wyborach, Zarz\u0105d na podstawie \u00a7 25 Statutu Zwi\u0105zku wybiera ze swojego sk\u0142adu Prezydium Zarz\u0105du. Cz\u0142onk\u00f3w Prezydium proponuje Przewodnicz\u0105cy Zwi\u0105zku, a zatwierdza Uchwa\u0142\u0105 Zarz\u0105d.<\/p>\n\n\n\n<p>\u00a7 17.&nbsp;<\/p>\n\n\n\n<ol class=\"wp-block-list\">\n<li>Karty do g\u0142osowania na Delegata winny zawiera\u0107 imi\u0119 i nazwisko kandydat\u00f3w oraz informacj\u0119 o maksymalnej liczbie mandat\u00f3w, jak\u0105 nale\u017cy wskaza\u0107 znakiem \u201ex\u201d.<\/li>\n\n\n\n<li>Karty do g\u0142osowania na Delegata przygotowuje Komisja Wyborcza. Karty dla ka\u017cdego okr\u0119gu winny by\u0107 innego koloru i opiecz\u0119towane piecz\u0119ci\u0105 ZZ \u201eKADRA\u201d JSW S.A. KWK \u201eKnur\u00f3w-Szczyg\u0142owice\u201d<\/li>\n\n\n\n<li>Wz\u00f3r karty do g\u0142osowania stanowi za\u0142\u0105cznik nr 4 do niniejszej Ordynacji Wyborczej.<\/li>\n\n\n\n<li>G\u0142os jest wa\u017cny w przypadku spe\u0142nienia nast\u0119puj\u0105cych \u0142\u0105cznie warunk\u00f3w:\n<ol class=\"wp-block-list\">\n<li>Karta musi by\u0107 zgodna ze wzorem.<\/li>\n\n\n\n<li>Wskazania znakiem X ilo\u015bci kandydat\u00f3w maksymalnej lub mniejszej od liczby mandat\u00f3w wskazanej na karcie do g\u0142osowania.<\/li>\n<\/ol>\n<\/li>\n<\/ol>\n\n\n\n<p>\u00a7 18.&nbsp;<\/p>\n\n\n\n<p><strong>Ordynacj\u0119 Wyborcz\u0105 zatwierdzi\u0142 Uchwa\u0142\u0105 Zarz\u0105d ZZ \u201eKADRA\u201d JSW S.A. KWK \u201eKnur\u00f3w &#8211; Szczyg\u0142owice\u201d w dniu 30.01.2019 r.<\/strong><\/p>\n","protected":false},"excerpt":{"rendered":"<p>ORDYNACJA WYBORCZA Zwi\u0105zku Zawodowego \u201eKADRA\u201d JSW&nbsp; S. A. KWK \u201eKnur\u00f3w &#8211; Szczyg\u0142owice\u201d \u00a7 1. &nbsp;Ordynacja wyborcza opracowana jest na podstawie Statutu Zwi\u0105zku Zawodowego \u201eKADRA\u201d &nbsp; JSW S.A. KWK \u201eKnur\u00f3w- Szczyg\u0142owice\u201d. \u00a7 2. Ordynacja okre\u015bla tryb i zasady wyboru:a) Delegat\u00f3w na Walne Zebranieb) Przewodnicz\u0105cego Zwi\u0105zku,c) Zarz\u0105du Zwi\u0105zku,d) Komisji Rewizyjnej, \u00a7 3. [&hellip;]<\/p>\n","protected":false},"author":1,"featured_media":0,"parent":0,"menu_order":0,"comment_status":"closed","ping_status":"closed","template":"","meta":{"footnotes":""},"class_list":["post-84","page","type-page","status-publish","hentry"],"_links":{"self":[{"href":"https:\/\/kadraszczyglowice.pl\/index.php?rest_route=\/wp\/v2\/pages\/84","targetHints":{"allow":["GET"]}}],"collection":[{"href":"https:\/\/kadraszczyglowice.pl\/index.php?rest_route=\/wp\/v2\/pages"}],"about":[{"href":"https:\/\/kadraszczyglowice.pl\/index.php?rest_route=\/wp\/v2\/types\/page"}],"author":[{"embeddable":true,"href":"https:\/\/kadraszczyglowice.pl\/index.php?rest_route=\/wp\/v2\/users\/1"}],"replies":[{"embeddable":true,"href":"https:\/\/kadraszczyglowice.pl\/index.php?rest_route=%2Fwp%2Fv2%2Fcomments&post=84"}],"version-history":[{"count":1,"href":"https:\/\/kadraszczyglowice.pl\/index.php?rest_route=\/wp\/v2\/pages\/84\/revisions"}],"predecessor-version":[{"id":85,"href":"https:\/\/kadraszczyglowice.pl\/index.php?rest_route=\/wp\/v2\/pages\/84\/revisions\/85"}],"wp:attachment":[{"href":"https:\/\/kadraszczyglowice.pl\/index.php?rest_route=%2Fwp%2Fv2%2Fmedia&parent=84"}],"curies":[{"name":"wp","href":"https:\/\/api.w.org\/{rel}","templated":true}]}}